{"id":10637,"date":"2018-05-23T14:55:01","date_gmt":"2018-05-23T12:55:01","guid":{"rendered":"http:\/\/lecarreimmo.cornelius-communication.com\/?page_id=10637"},"modified":"2018-10-25T15:06:00","modified_gmt":"2018-10-25T13:06:00","slug":"recrutement","status":"publish","type":"page","link":"https:\/\/www.lecarre-immobilier.fr\/en\/recrutement\/","title":{"rendered":"Recrutement"},"content":{"rendered":"<p>[vc_row][vc_column][vc_column_text]<\/p>\n<h1>Recrutement<\/h1>\n<p>Le Carr\u00e9 Immobilier renforce son \u00e9quipe commercial sur le secteur de Chatou. Sous la supervision du directeur de l\u2019agence, vous aurez en charge le d\u00e9veloppement d\u2019un portefeuille d\u2019affaires :<\/p>\n<p>\u2013 prise de mandats<\/p>\n<p>\u2013 gestion d\u2019un fichier vendeurs\/acqu\u00e9reurs<\/p>\n<p>\u2013 n\u00e9gociation et conseil aupr\u00e8s des clients.<\/p>\n<p>Organis\u00e9, dot\u00e9 d\u2019un sens relationnel, pr\u00e9cis et r\u00e9actif, vous \u00eates capable de d\u00e9velopper des relations de confiance avec vos interlocuteurs fran\u00e7ais ou \u00e9trangers.<\/p>\n<p>&nbsp;<\/p>\n<p>[\/vc_column_text][\/vc_column][\/vc_row]<\/p>\n","protected":false},"excerpt":{"rendered":"<p>[vc_row][vc_column][vc_column_text] Recrutement Le Carr\u00e9 Immobilier renforce son \u00e9quipe commercial sur le secteur de Chatou. Sous la supervision du directeur de l\u2019agence, vous aurez en charge le d\u00e9veloppement d\u2019un portefeuille d\u2019affaires : \u2013 prise de mandats \u2013 gestion d\u2019un fichier vendeurs\/acqu\u00e9reurs \u2013 n\u00e9gociation et conseil aupr\u00e8s des clients. Organis\u00e9, dot\u00e9 d\u2019un sens relationnel, pr\u00e9cis et r\u00e9actif, [&hellip;]<\/p>\n","protected":false},"author":1,"featured_media":0,"parent":0,"menu_order":0,"comment_status":"closed","ping_status":"closed","template":"recrutement.php","meta":{"_themeisle_gutenberg_block_has_review":false,"footnotes":""},"class_list":["post-10637","page","type-page","status-publish","hentry"],"_links":{"self":[{"href":"https:\/\/www.lecarre-immobilier.fr\/en\/wp-json\/wp\/v2\/pages\/10637","targetHints":{"allow":["GET"]}}],"collection":[{"href":"https:\/\/www.lecarre-immobilier.fr\/en\/wp-json\/wp\/v2\/pages"}],"about":[{"href":"https:\/\/www.lecarre-immobilier.fr\/en\/wp-json\/wp\/v2\/types\/page"}],"author":[{"embeddable":true,"href":"https:\/\/www.lecarre-immobilier.fr\/en\/wp-json\/wp\/v2\/users\/1"}],"replies":[{"embeddable":true,"href":"https:\/\/www.lecarre-immobilier.fr\/en\/wp-json\/wp\/v2\/comments?post=10637"}],"version-history":[{"count":0,"href":"https:\/\/www.lecarre-immobilier.fr\/en\/wp-json\/wp\/v2\/pages\/10637\/revisions"}],"wp:attachment":[{"href":"https:\/\/www.lecarre-immobilier.fr\/en\/wp-json\/wp\/v2\/media?parent=10637"}],"curies":[{"name":"wp","href":"https:\/\/api.w.org\/{rel}","templated":true}]}}

<p>[vc_row][vc_column][vc_column_text]</p>
<h1>Recrutement</h1>
<p>Le Carré Immobilier renforce son équipe commercial sur le secteur de Chatou. Sous la supervision du directeur de l’agence, vous aurez en charge le développement d’un portefeuille d’affaires :</p>
<p>– prise de mandats</p>
<p>– gestion d’un fichier vendeurs/acquéreurs</p>
<p>– négociation et conseil auprès des clients.</p>
<p>Organisé, doté d’un sens relationnel, précis et réactif, vous êtes capable de développer des relations de confiance avec vos interlocuteurs français ou étrangers.</p>
<p>&nbsp;</p>
<p>[/vc_column_text][/vc_column][/vc_row]</p>

<p>[vc_row][vc_column][vc_column_text] Recrutement Le Carré Immobilier renforce son équipe commercial sur le secteur de Chatou. Sous la supervision du directeur de l’agence, vous aurez en charge le développement d’un portefeuille d’affaires : – prise de mandats – gestion d’un fichier vendeurs/acquéreurs – négociation et conseil auprès des clients. Organisé, doté d’un sens relationnel, précis et réactif, [&hellip;]</p>
